*g - 13 = 3*j. Let w(u) = 2*u**2 - 2*u + 1. What is w(g)?
1
Let r(n) = 3*n**3 + 10*n**2 + 7*n + 18. Let v(m) = 4 - 2*m**3 - 3*m**2 - 16 - 5*m - 4*m**2. Let g(y) = 5*r(y) + 8*v(y). Let b = -12 - -7. What is g(b)?
-6
Let l(y) be the first derivative of -1/3*y**3 - 2 - y - 2*y**2. Suppose 12 = -5*r - 13. Calculate l(r).
-6
Let o(d) = 4*d**3 + 12*d**2 - 4*d + 3. Let q(y) = -y**3 - 4*y**2 + y - 1. Let g(a) = -2*o(a) - 7*q(a). Give g(4).
5
Suppose 4*x = 8 + 20. Let c(j) = -j**2 - j**3 - x + 0 + 7*j**2. What is c(6)?
-7
Let h = 35 - 36. Let k(j) = -2*j + 1. Calculate k(h).
3
Suppose 0 = 2*b + 5*o + 10, o = 3*b - 3*o - 8. Suppose 2*w + 10 = -4*n, -2*w = -b*n - n. Let t(h) = -6*h**2 - 1. What is t(w)?
-7
Let i(l) be the third derivative of l**4/8 + l**3/3 + 2*l**2. Determine i(3).
11
Let j(g) = 0*g**3 + 5 + 2*g**2 - g**3 - 2. Suppose -6 = -2*l - 30. Let p be (6/(-4))/(6/l). Determine j(p).
-6
Let j(u) = 4*u**2 + 8*u + 5. Let z(f) = 5*f**2 + 9*f + 5. Let t(m) = -6*j(m) + 5*z(m). Determine t(4).
-1
Let p be ((-1)/(-2))/(3/66). Let z = p - 7. Let c = 0 - z. Let f(l) = -l**3 - 3*l**2 + 4*l + 5. Give f(c).
5
Suppose k - 3*u = -0*u - 9, -k = -2*u + 6. Let x(y) = -y - 3. Let g be x(-5). Let n(w) = -2 + 3 + w - w**g - 4. Calculate n(k).
-3
Let f(s) = -25*s - 2. Let c(p) = -38*p - 3. Let g(v) = -5*c(v) + 8*f(v). Calculate g(1).
-11
Let m(l) = 1 - 2 + 3*l + 0*l. Let k = -31 - -33. Determine m(k).
5
Let k(n) be the first derivative of n**3/3 - 3*n**2 - 7*n - 9. Determine k(6).
-7
Let r(i) = 0 - 4*i - 1 + i. Suppose 0 = -5*h + 15 - 5. Calculate r(h).
-7
Suppose 0*p - 2*p + 4 = 0. Let c(f) = -f + 3*f + p*f. Calculate c(-2).
-8
Let s(v) be the third derivative of 0*v - 1/60*v**5 + 0 + 5/6*v**3 + 2*v**2 + 1/4*v**4. Suppose 0 = 41*q - 40*q - 6. What is s(q)?
5
Let s(h) = h**2 + 4*h + 1. Let t(q) be the first derivative of -3*q - 3/2*q**2 - 1 - 1/3*q**3. Let w be t(-3). Calculate s(w).
-2
Suppose 4*r - 19 = -5*o, 5*r = -7*o + 2*o + 20. Suppose 0 = -3*v + 16 - 4. Let w(f) = -2*f + o*f + 5*f + v + f**2. Calculate w(-5).
-1
Suppose 2*b = -4*g - 12, -3*b + 0*b = -4*g + 8. Let z(t) = 4*t + 9*t - 12*t - 1. Let v(f) = 11*f - 3. Let q(k) = -v(k) + 4*z(k). Determine q(g).
6
Suppose 0 = -4*l - l + 20. Let m(k) = 2 - 1 + l*k + 1 - 3. Determine m(-2).
-9
Let t(q) be the second derivative of q**5/20 - q**3/6 + q**2 + 4*q. Let c be t(-2). Let x(z) = -z. Give x(c).
4
Suppose 3*t + 2 - 17 = 0. Let d(m) be the third derivative of 1/24*m**4 + 1/12*m**t + 2*m**2 + 0 - 1/6*m**3 + 0*m. What is d(1)?
5
Let t(a) = 1. Let n(j) = -j + 3. Let p = 5 - -1. Suppose i + i = -4. Let h(c) = i*n(c) + p*t(c). Give h(2).
4
Let q(j) be the third derivative of 11*j**6/120 - j**5/60 + j**3/6 + 2*j**2. Let c be (14/21)/(2/(-3)). What is q(c)?
-11
Let p(b) = b**2 + 4*b + 5. Let t(u) = 0*u + 6 + 0 - u. Let m be t(6). Suppose m = n + 2 + 2. Determine p(n).
5
Let q(g) be the third derivative of -g**5/60 + 18*g**2. Give q(3).
-9
Let g(f) = 6*f + 4. Let y(t) = -7*t - 5. Let n = 2 - 8. Let s(z) = n*g(z) - 5*y(z). Let u be 2 - ((-1)/1 + 0). Calculate s(u).
-2
Let w(b) be the third derivative of b**5/60 - 7*b**4/24 + 5*b**3/6 - b**2. Let i = 5 + 0. Give w(i).
-5
Suppose 0 = 3*s - 4*s + 1. Let x = 1 - s. Let m(h) be the second derivative of -h**5/20 - h**4/12 + h**3/6 + 2*h**2 + 88*h. Calculate m(x).
4
Let l(i) = -1 - 3*i**3 - 2*i**2 + 3*i**3 + 3*i**3 + 2*i. Suppose y = 2*b - 3 + 11, -4*y + 20 = -2*b. Suppose 0 = 2*w + y, -2*w = -s - 3 + 8. Give l(s).
2
Let d(j) = 1 - 2*j**3 - j + 0*j**3 - 2. Let f be (-5)/3*(-66)/(-55). Determine d(f).
17
Suppose -5*d = -10, q + 3*q + d = -22. Let w(p) = 2*p + 2. What is w(q)?
-10
Let d(w) = w - 4. Suppose -4*k = -4*c, -2*c = 2*c + 4*k - 24. Let j be ((-20)/6)/((-2)/c). Give d(j).
1
Let r(f) be the third derivative of -1/8*f**4 - 3*f**2 + 0 + 0*f + 1/3*f**3. Calculate r(2).
-4
Let b be ((-12)/(-8))/(2/4). Suppose -d = b*d - 16. Let t(g) = g - 6. Let z(n) = n - 7. Let q(h) = -4*t(h) + 3*z(h). Determine q(d).
-1
Suppose -3*s = 3, -3*s + 1 = 3*u - 2. Let q(m) = m - 6*m + m**u + 1 + 2*m**2 - 4*m**2. Calculate q(-5).
1
Let v(z) = 4*z + 3. Let x be v(-2). Let s(m) = -2*m - 2*m + 6*m + 0*m + m**2 - 4. Give s(x).
11
Suppose 2*j - 6*w + 2*w = 4, -w + 6 = -4*j. Let p(d) = -6*d + 2. What is p(j)?
14
Let i(v) be the first derivative of v**5/20 + v**4/3 + v**2/2 - 3*v + 1. Let o(m) be the first derivative of i(m). What is o(-3)?
10
Let c(b) be the second derivative of 2*b + 1/6*b**4 + 2*b**2 + 0 - 1/20*b**5 + 0*b**3. Let m be 23/7 + 2/(-7). Give c(m).
-5
Let o be (-2)/(-2)*2 + 2. Let p(l) = 0*l**2 - o*l - l**2 - 4*l**2 + 3*l**2. Suppose 3*u + 7 = -2. Give p(u).
-6
Let p(k) = -k + 1. Let d(l) = 2*l**3 - 3*l**2 - 2*l + 2. Let z(j) = d(j) - 5*p(j). Suppose -8*u = -7*u + 8. Let i be (8/u)/((-1)/2). Give z(i).
7
Let v(j) = -j**3 - 7*j**2 - 4*j + 6. Let p be v(-6). Let z(q) be the first derivative of -q**3/3 - 3*q**2 + 4*q + 3. What is z(p)?
4
Suppose 15 = 2*d + d. Suppose -5*b + 10 = 2*y, 0*b = -b + d*y - 25. Suppose -q + 4 + b = 0. Let g(m) = -m**2 + 5*m - 3. Calculate g(q).
1
Let g = 4 - 10. Let v(p) = p**3 + 5*p**2 - 6*p - 8. Give v(g).
-8
Let k be 2 + -1 + 2 + 0. Let m(x) = -k + x + 2 + 1 + 2. Give m(2).
4
Let u(k) = k**2 - 5*k - 3. Let a(y) = -1. Let j(x) = 3*a(x) - u(x). What is j(5)?
0
Let m(h) = -4*h**2 - 3*h + 3. Let r(v) = -8*v**2 - 7*v + 7. Let x(n) = 14*m(n) - 6*r(n). What is x(-1)?
-8
Let m(v) = v + 1. Let p be m(2). Suppose -p*g = -4*g + 4. Suppose g*u + 10 = 2*u, 5*w - 10 = -u. Let c(h) = -h**2 + 3*h - 2. Determine c(w).
-2
Let h(z) = -2*z - 1. Let b = -81 - -84. Determine h(b).
-7
Suppose -5*c - 8 = -18. Let b(y) = 5*y**3 + 4*y**c - 5 + 0*y**2 - 6*y - 4*y**3. Give b(-5).
0
Let u(w) = -2*w + 0*w**3 + 4*w**2 + w - 7*w + w**3 - 4. Let t(y) = -y**3 - 4*y**2 + 9*y + 5. Let m(s) = 4*t(s) + 5*u(s). Determine m(-5).
-5
Let k(o) = -5 - 2 + 2413*o - 2415*o. Give k(6).
-19
Let v(u) = -u**2 + 9*u - 2. Let l(x) = x**2 - 8*x + 2. Suppose -3*t + 2 = 17. Let b(y) = t*v(y) - 6*l(y). What is b(4)?
-6
Suppose p - 56 = 9*p. Let y(i) = -i**2 - 7*i - 7. What is y(p)?
-7
Let r(c) = -c. Let h be 3/18 - 50/12. Let n be (-1 - -13)*(-2)/h. Determine r(n).
-6
Let v(m) = m**2 + 1. Let l be v(1). Let t(u) be the third derivative of 0*u - 1/30*u**5 + l*u**2 + 0 + 0*u**4 + 0*u**3. Determine t(1).
-2
Let p(s) = -2*s**2 - s + s**2 + 2*s**2 - 2*s**3. Suppose -8 = -3*t - 5. Determine p(t).
-2
Suppose -3 = -2*z + 3*f + 4, f + 9 = 4*z. Let r(w) = 4*w - 2*w - w - w**z. Let y = -8 + 10. Calculate r(y).
-2
Let n = -12 - -7. Let x(s) = s**2 + 6*s + 2. What is x(n)?
-3
Suppose -3*d - 5*p - 3 = -34, -4*p + 1 = -d. Suppose 5 = -k + d. Let x(m) = -3*m + 3. Calculate x(k).
-3
Let o(a) be the third derivative of -a**4/24 - 7*a**3/6 - a**2. Determine o(-5).
-2
Let b = -17 - -14. Let o(c) = -c**2 - c + 2. Determine o(b).
-4
Let m(k) = 2*k - 14. Let x(l) = 3*l - 15. Let w(t) = 5*m(t) - 4*x(t). Calculate w(-8).
6
Let d(c) = -9*c**2 - 6*c - 9. Let q(p) = -14*p**2 - 9*p - 14. Let u(b) = 8*d(b) - 5*q(b). Suppose 0*v + 3*v = -6. Calculate u(v).
-4
Let x(q) = -q**2 - 9*q - 10. Let v be x(-7). Suppose 0*p + 5*p + v*w = -25, -4*p - 5*w = 20. Let l(y) = 3*y + 3. Give l(p).
-12
Let b(r) = r**3 - 2*r**2. Suppose -141*q + 4 = -139*q. What is b(q)?
0
Suppose 4*j - 16 = 8. Let k = j + -1. Let s(r) = -2 + r**3 - k*r - r**2 + 5*r. Give s(2).
2
Let u(l) = l**3 + 2*l**2. Let g = -10 - -15. Suppose -g*w + 26 = 1. Suppose -4*v = 3*c + 3, -3*c + 12 = -6*v + w*v. Calculate u(v).
-9
Let f(o) = o + 5. Let u be (75/(-2))/5*(-4)/(-6). What is f(u)?
0
Let u(y) = -17*y**2 + 2*y - 1. Let t = 10 + -9. Determine u(t).
-16
Let z(x) = -x**3 + 4*x**2 - 2. Let b(g) = -2*g - 8. Let i be b(-7). Let o be (i - 7)/(2/(-8)). Give z(o).
-2
Let p(g) = -5*g**2 + 7*g. Let j(b) = -6*b**2 + 8*b. Let l(v) = 4*j(v) - 5*p(v). Let d = -6 + 9. Let x = 1 + d. Determine l(x).
4
Let q(x) = x**3 - 6*x**2 + 7*x - 6. Let h be q(5). Let p be (5/10)/((-1)/(-4)). Let o(s) = 6*s - s**2 + 0*s + 0*s**2 - 1 + 0*s**p. What is o(h)?
7
Let k(u) = u**3 - 6*u**2 - u + 2. Suppose l - 4*f = 10, -21 = 3*l - 6*l + 3*f. Give k(l).
-4
Let i(j) = j**2 - 4*j + 7. Let g be i(3). Let b(l) be the first derivative of l**3/3 - 5*l**2/2 + 3*l + 7. Determine b(g).
-1
Let f(s) = -s**3 + 5*s**2 - 2*s - 4. Let k(m) 